0?
6
What is the millions digit of 10280826?
0
What is the hundred thousands digit of 3993619?
9
What is the hundreds digit of 7750652?
6
What is the ten thousands digit of 36138915?
3
What is the ten thousands digit of 1437941?
3
What is the units digit of 10216?
6
What is the ten thousands digit of 1413668?
1
What is the hundreds digit of 40473?
4
What is the tens digit of 6474?
7
What is the ten thousands digit of 704868?
0
What is the ten thousands digit of 178323?
7
What is the tens digit of 304029?
2
What is the thousands digit of 1315519?
5
What is the thousands digit of 1631908?
1
What is the units digit of 587689?
9
What is the units digit of 380364?
4
What is the hundreds digit of 1406614?
6
What is the thousands digit of 180164?
0
What is the tens digit of 244565?
6
What is the tens digit of 277475?
7
What is the thousands digit of 3161082?
1
What is the millions digit of 6373482?
6
What is the ten thousands digit of 645369?
4
What is the hundred thousands digit of 193187?
1
What is the tens digit of 105661?
6
What is the thousands digit of 2641945?
1
What is the millions digit of 9977287?
9
What is the hundreds digit of 27494?
4
What is the thousands digit of 8065312?
5
What is the millions digit of 6454878?
6
What is the hundreds digit of 210176?
1
What is the tens digit of 784312?
1
What is the tens digit of 62568?
6
What is the millions digit of 19626334?
9
What is the thousands digit of 198663?
8
What is the hundred thousands digit of 213638?
2
What is the thousands digit of 830549?
0
What is the hundred thousands digit of 727076?
7
What is the units digit of 9065921?
1
What is the hundreds digit of 306044?
0
What is the units digit of 5746770?
0
What is the thousands digit of 538400?
8
What is the millions digit of 2295122?
2
What is the units digit of 5016837?
7
What is the thousands digit of 4545617?
5
What is the units digit of 449743?
3
What is the thousands digit of 829797?
9
What is the hundred thousands digit of 1162788?
1
What is the thousands digit of 1658027?
8
What is the tens digit of 11935654?
5
What is the units digit of 5446227?
7
What is the millions digit of 32429692?
2
What is the ten thousands digit of 1169641?
6
What is the millions digit of 1055996?
1
What is the tens digit of 8983065?
6
What is the hundreds digit of 582347?
3
What is the units digit of 9506930?
0
What is the tens digit of 1993308?
0
What is the ten millions digit of 16370942?
1
What is the hundreds digit of 3601698?
6
What is the ten thousands digit of 22724?
2
What is the thousands digit of 7216142?
6
What is the thousands digit of 482768?
2
What is the tens digit of 6191087?
8
What is the millions digit of 1511797?
1
What is the ten thousands digit of 144260?
4
What is the units digit of 27900991?
1
What is the units digit of 37885565?
5
What is the thousands digit of 5513775?
3
What is the hundred thousands digit of 15192814?
1
What is the tens digit of 11170?
7
What is the ten thousands digit of 8890323?
9
What is the tens digit of 1199158?
5
What is the tens digit of 315438?
3
What is the hundreds digit of 679018?
0
What is the millions digit of 4238039?
4
What is the tens digit of 308849?
4
What is the hundred thousands digit of 841363?
8
What is the tens digit of 1863423?
2
What is the hundreds digit of 78098?
0
What is the hundreds digit of 385704?
7
What is the units digit of 228033?
3
What is the tens digit of 97519?
1
What is the thousands digit of 1506670?
6
What is the thousands digit of 7382075?
2
What is the tens digit of 286272?
7
What is the units digit of 136059?
9
What is the tens digit of 13549125?
2
What is the tens digit of 1270017?
1
What is the ten thousands digit of 400791?
0
What is the tens digit of 7405261?
6
What is the hundreds digit of 214850?
8
What is the units digit of 1703485?
5
What is the hundreds digit of 347587?
5
What is the hundred thousands digit of 446520?
4
What is the millions digit of 2341863?
2
What is the ten thousands digit of 7069994?
6
What is the thousands digit of 18559632?
9
What is the millions digit of 25968255?
5
What is the ten thousands digit of 3573005?
7
What is the hundred thousands digit of 3806961?
8
What is the hundred thousands digit of 740705?
7
What is the hundred thousands digit of 14683841?
6
What is the hundred thousands digit of 2119004?
1
What is the hundred thousands digit of 1749163?
7
What is the tens digit of 4392857?
5
What is the tens digit of 40888392?
9
What is the ten thousands digit of 147758?
4
What is the ten thousands digit of 229347?
2
What is the millions digit of 4803538?
4
What is the ten thousands digit of 366373?
6
What is the ten thousands digit of 1564973?
6
What is the units digit of 108639?
9
What is the ten thousands digit of 273384?
7
What is the units digit of 198694?
4
What is the ten thousands digit of 199325?
9
What is the hundreds digit of 520971?
9
What is the thousands digit of 123696?
3
What is the hundreds digit of 326253?
2
What is the ten thousands digit of 33107903?
0
What is the units digit of 1420825?
5
What is the units digit of 3373899?
9
What is the hundred thousands digit of 167265?
1
What is the hundred thousands digit of 224996?
2
What is the hundreds digit of 27152755?
7
What is the thousands digit of 7186065?
6
What is the ten thousands digit of 294753?
9
What is the hundred thousands digit of 1298156?
2
What is the thousands digit of 9403768?
3
What is the tens digit of 1381634?
3
What is the thousands digit of 1163542?
3
What is the hundreds digit of 726096?
0
What is the tens digit of 372848?
4
What is the hundreds digit of 1455432?
4
What is the units digit of 5679482?
2
What is the thousands digit of 131479?
1
What is the units digit of 159501?
1
What is the hundreds digit of 2012962?
9
What is the ten millions digit of 16003251?
1
What is the thousands digit of 19267?
9
What is the hundreds digit of 49643?
6
What is the units digit of 1696124?
4
What is the thousands digit of 20529381?
9
What is the tens digit of 1448627?
2
What is the tens digit of 1476578?
7
What is the millions digit of 17622797?
7
What is the tens digit of 10440889?
8
What is the ten thousands digit of 1506452?
0
What is the millions digit of 2223334?
2
What is the hundred thousands digit of 975448?
9
What is the hundred thousands digit of 3938193?
9
What is the thousands digit of 223739?
3
What is the hundred thousands digit of 4758484?
7
What is the ten thousands digit of 220473?
2
What is the hundred thousands digit of 3984306?
9
What is the thousands digit of 21547395?
7
What is the units digit of 237547?
7
What is the units digit of 1446212?
2
What is the ten thousands digit of 441976?
4
What is the tens digit of 32712?
1
What is the thousands digit of 112649?
2
What is the ten thousands digit of 2669317?
6
What is the hundreds digit of 12443?
4
What is the millions digit of 4797983?
4
What is the hundred thousands digit of 5365810?
3
What is the ten thousands digit of 6768986?
6
What is the ten thousands digit of 612894?
1
What is the hundreds digit of 263328?
3
What is the thousands digit of 11356441?
6
What is the millions digit of 4848104?
4
What is the units digit of 5226451?
1
What is the thousands digit of 327353?
7
What is the units digit of 92924?
4
What is the units digit of 836786?
6
What is the units digit of 1380263?
3
What is the ten thousands digit of 1555964?
5
What is the tens digit of 41289?
8
What is the ten thousands digit of 1065020?
6
What is the thousands digit of 7933525?
3
What is the hundreds digit of 1219322?
3
What is the thousands digit of 667381?
7
What is the ten thousands digit of 66090?
6
What is the thousands digit of 3616486?
6
What is the thousands digit of 12115975?
5
What is the hundreds digit of 2414889?
8
What is the thousands digit of 571035?
1
What is the hundreds digit of 303350?
3
What is the ten thousands digit of 2979993?
7
What is the units digit of 560651?
1
What is the units digit of 2126056?
6
What is the hundred thousands digit of 144167?
1
What is the ten thousands digit of 346936?
4
What is the thousands digit of 350683?
0
What is the tens digit of 363659?
5
What is the ten thousands digit of 956653?
5
What is the ten thousands digit of 10199288?
9
What is the ten thousands digit of